e 11?
68686
Convert 1742727 (base 9) to base 11.
6050a7
Convert 33353216 (base 7) to base 6.
141514222
What is -6274 (base 9) in base 12?
-27b7
What is -256154 (base 8) in base 12?
-43750
Convert 220120120012 (base 3) to base 13.
13c247
Convert -28520 (base 11) to base 16.
-9e6d
303402333 (base 5) to base 4
10230223221
What is c9123 (base 15) in base 8?
2336265
-10621647 (base 8) to base 13
-628272
-33635145 (base 7) to base 3
-12112000220010
What is 1213838 (base 10) in base 4?
10220112032
-153512355 (base 6) to base 8
-14337157
Convert -1202513 (base 6) to base 9.
-105160
-13212313321 (base 4) to base 14
-39ca93
Convert -14010203 (base 6) to base 10.
-467931
Convert a99c1 (base 15) to base 8.
2034317
-14234406 (base 7) to base 8
-5062322
-201121030220 (base 4) to base 8
-41311450
-7b2b5 (base 12) to base 8
-501351
-472e5 (base 16) to base 2
-1000111001011100101
What is -a3a659 (base 12) in base 11?
-14a4a2a
145886 (base 12) to base 8
1233246
1001200101210 (base 3) to base 10
564537
What is 113132020 (base 4) in base 3?
11212212121
What is -51094c (base 14) in base 10?
-2729368
What is 1188093 (base 11) in base 12?
8344b6
-10313002002 (base 4) to base 15
-1a2726
What is 1102100112211 (base 3) in base 7?
6262630
400004020 (base 5) to base 13
429577
Convert 3b18d (base 15) to base 10.
189358
Convert -2302314 (base 7) to base 4.
-1011331203
What is -10100111101000111110 (base 2) in base 14?
-13c34a
What is 1b2694 (base 15) in base 3?
2111021212011
What is -423352 (base 8) in base 15?
-2bbc4
What is 124034441 (base 5) in base 14?
11cdb1
Convert 401341443 (base 5) to base 16.
1843e8
-d2a023 (base 15) to base 8
-46130574
Convert 493493 (base 15) to base 13.
959058
What is 1251 (base 11) in base 13?
984
Convert -11121102210 (base 3) to base 2.
-10110001001011010
-1000011011111011 (base 2) to base 9
-52354
What is 6379633 (base 10) in base 5?
3113122013
Convert 1010100022 (base 3) to base 10.
22121
Convert -569d15 (base 14) to base 2.
-1011001111011100111111
What is -260550 (base 7) in base 4?
-23302230
What is -32252 (base 6) in base 10?
-4424
Convert a3e9 (base 15) to base 8.
103524
What is -12af61 (base 16) in base 12?
-4b0795
-21476 (base 11) to base 14
-b512
-4837145 (base 11) to base 3
-120212012010110
Convert 11001001100000001 (base 2) to base 10.
103169
What is -78041 (base 12) in base 4?
-212310301
Convert 1320143413 (base 5) to base 15.
44e073
What is -1001103221 (base 4) in base 7?
-2162606
Convert 2466651 (base 8) to base 7.
5544342
What is 104112412 (base 5) in base 7?
3613016
133054 (base 16) to base 6
42542004
Convert 2b03b0 (base 15) to base 13.
5791a1
What is -4740366 (base 8) in base 7?
-14001202
Convert -66c78 (base 13) to base 8.
-554463
What is -1151536 (base 7) in base 8?
-437204
-259a19 (base 15) to base 6
-102402140
What is 20100203123 (base 4) in base 15?
2cb705
What is 13420564 (base 7) in base 9?
2313037
-23436121 (base 7) to base 8
-7727652
10403052 (base 6) to base 3
120211121012
Convert 23a235 (base 13) to base 15.
11c081
Convert 102111111202 (base 3) to base 16.
37439
What is 1443120 (base 5) in base 3?
1120120110
-5c0519 (base 16) to base 6
-333131305
What is -3440130 (base 7) in base 11?
-273a52
What is 16952 (base 14) in base 16?
dd8c
What is -2493304 (base 10) in base 8?
-11405570
-1112110213 (base 5) to base 7
-26612033
What is 6453351 (base 7) in base 15?
107ec9
2529c4 (base 15) to base 7
21064636
b24544 (base 13) to base 8
17653372
5306aa5 (base 12) to base 10
15688349
Convert -311121344 (base 5) to base 11.
-79837a
-2023055 (base 6) to base 10
-96587
3e21c (base 16) to base 15
50612
Convert -21222212221220 (base 3) to base 2.
-10000001101011011011111
Convert -331686 (base 12) to base 10.
-811398
What is 357a715 (base 11) in base 6?
341401050
What is 4126288 (base 11) in base 2?
11011110010100010100101
What is -233825 (base 9) in base 2?
-100010010101011111
What is -20132133102 (base 4) in base 15?
-2dd5a9
-40401240 (base 5) to base 7
-2523043
What is 3044813 (base 10) in base 16?
2e75cd
564555 (base 8) to base 11
120411
What is 1ee61 (base 15) in base 8?
305374
Convert -448a82 (base 12) to base 6.
-35235042
Convert -a08499 (base 11) to base 16.
-18bef6
What is 13230311201 (base 4) in base 11?
1159713
-8d3895 (base 14) to base 7
-55620645
What is 873ad (base 15) in base 7?
3436036
What is -2221210222 (base 3) in base 2?
-1110001101001000
What is 535426 (base 7) in base 10?
93169
What is -10011001110101010011 (base 2) in base 12?
-264783
99260 (base 14) to base 6
11541112
Convert -331182 (base 14) to base 7.
-20501622
Convert 110012012020 (base 3) to base 12.
b6a66
-1211022111101 (base 3) to base 8
-3547644
-18288070 (base 9) to base 4
-203020301202
Convert -1a0100 (base 14) to base 10.
-922180
-2333020 (base 5) to base 7
-236013
-5224223 (base 7) to base 12
-263618
What is 111010010010111001 (base 2) in base 8?
722271
Convert -10315 (base 9) to base 2.
-1101010100010
What is -12633322 (base 7) in base 2?
-100011101001011001110
4c9720 (base 13) to base 6
103343354
What is 119943 (base 10) in base 8?
352207
-525464 (base 7) to base 15
-1bd7e
Convert -110110100000010110101 (base 2) to base 6.
-102140405
10010001000001101 (base 2) to base 8
221015
3024031402 (base 5) to base 2
10111001100011011100011
Convert 28a460 (base 11) to base 4.
1232213202
3d995c (base 14) to base 12
872112
Convert eda47 (base 15) to base 14.
1591a6
Convert -100114333 (base 5) to base 12.
-1706a0
-12568b9 (base 12) to base 6
-205045553
Convert -10303324 (base 5) to base 6.
-1515124
Convert 829a7 (base 11) to base 13.
430c5
b2819 (base 13) to base 14
8484b
-415865 (base 15) to base 11
-1832290
-33341240 (base 5) to base 11
-190415
What is -111021323131 (base 4) in base 14?
-a4504d
What is 51467700 (base 8) in base 5?
10243020314
What is 10111001100110111010100 (base 2) in base 4?
113030313110
What is -3740 (base 9) in base 10?
-2790
Convert -110401320 (base 5) to base 4.
-1311202310
What is -7c109 (base 15) in base 11?
-24a940
62533 (base 12) to base 13
46719
What is 113770 (base 9) in base 2?
10000101101001011
9485 (base 12) to base 16
3f65
546681 (base 9) to base 11
203278
657b6a (base 12) to base 7
16455100
Convert -1556c1 (base 14) to base 11.
-469785
Convert -20000100100 (base 3) to base 2.
-11100111001001110
What is 6196b (base 14) in base 2?
111001011001011011
Convert 307419 (base 15) to base 4.
20302023102
-c4b364 (base 13) to base 8
-21415524
Convert 2355231 (base 6) to base 3.
20022111101
1e61d (base 15) to base 2
11000001110110101
33a244 (base 13) to base 8
4522446
-2111212121202 (base 3) to base 12
-545178
Convert 214777 (base 10) to base 3.
101220121201
Convert -2b863f (base 16) to base 2.
-1010111000011000111111
What is 12002043 (base 5) in base 3?
12120102001
Convert -8d9bb8 (base 14) to base 5.
-2214012024
Convert 65d5d (base 16) to base 15.
838cc
425a8 (base 11) to base 3
10010222102
Convert -210b927 (base 12) to base 11.
-358306a
Convert -3025 (base 12) to base 10.
-5213
What is 653637 (base 10) in base 9?
1205553
What is 1211212220210 (base 3) in base 2?
11101111101110001111
1385a56 (base 12) to base 14
73a558
What is 10111000100110111000100 (base 2) in base 16?
5c4dc4
What is 101122110122 (base 3) in base 2?
110011001010011100
Convert -2b198 (base 12) to base 4.
-32311010
What is 1001001000000011000000 (base 2) in base 13?
659b49
Convert 22ac90 (base 13) to base 16.
c920f
1131313003 (base 4) to base 16
5ddc3
11443412210 (base 5) to base 11
7786548
-2e089 (base 16) to base 12
-91149
-a32342 (base 14) to base 5
-2401441442
Convert 220202201 (base 3) to base 10.
18055
-53991 (base 13) to base 5
-14313120
Convert -10441216 (base 7) to base 16.
-dbedd
308218 (base 16) to base 5
1303212112
What is 10020022000 (base 3) in base 11?
438a4
Convert 21122112102 (base 3) to base 5.
14304223
Convert -102305130 (base 6) to base 16.
-1b6d0e
Convert 44164325 (base 8) to base 2.
100100001110100011010101
789a1 (base 13) to base 14
59c1d
Convert -28cab (base 16) to base 8.
-506253
-11020121112102 (base 3) to base 16
-226c2b
Convert 6415465 (base 10) to base 2.
11000011110010001101001
-17c754b (base 13) to base 16
-76c9af
What is -20228 (base 9) in base 16?
-33fe
Convert -3318553 (base 9) to base 16.
-1b39fc
10020430333 (base 5) to base 4
2